3*z, 0 = -3*z + 5*z - 3*v - 283. List the prime factors of z.
2, 67
Suppose 0 = -2*v - 18 + 86. What are the prime factors of v?
2, 17
Let t(q) = q + 1. Let v be t(4). Suppose -26 = -w - 0*f - 4*f, -v*w = -2*f - 20. Suppose -z + 7 = -2*a + w*a, -5*a + 5*z = -15. List the prime factors of a.
2
Suppose 3*k = 2*k + 36. List the prime factors of k.
2, 3
Suppose 0 = 3*r - 3*x, 0 = r - 2*x + 5 - 1. Suppose 25 = r*v + v, -13 = 2*j - 3*v. List the prime factors of 0 + (12 + -2)/j.
2, 5
Let o = 981 - 587. What are the prime factors of o?
2, 197
Suppose -a = -5*p + p - 1, -4*p - 2*a + 2 = 0. Suppose p*r - r = s - 9, -3*s = -2*r + 38. List the prime factors of r.
13
Let p(a) = a**3 + 6*a**2 + 5*a - 3. Suppose u + 12 = -2*u. What are the prime factors of p(u)?
3
Let a = 58 - 52. What are the prime factors of a?
2, 3
Suppose -2*s + 0*s + 14 = 0. Suppose -9*j = -4*j - 50. Suppose s = h - j. What are the prime factors of h?
17
Let p(q) = 3*q + 3 - 9 + 3*q. Let c be p(5). Suppose -3*d = -d - c. What are the prime factors of d?
2, 3
Let y(s) = -s - 6*s + 38*s**2 - s**3 - 44*s**2. List the prime factors of y(-5).
2, 5
Let u = 11 + -5. Suppose -15 = s - u*s. List the prime factors of s.
3
Suppose -1 = f - 7. Let h(d) = -d**2 - 9*d + 7. Let z be h(-7). What are the prime factors of 114/z + f/(-14)?
5
Let z = -47 - -119. What are the prime factors of z?
2, 3
Let j(s) = -4*s + 17. Let x be j(-12). Let k = -36 + x. What are the prime factors of k?
29
Let z(u) = -14*u + 6. List the prime factors of z(-17).
2, 61
Let c(a) = -a**3 - 5*a**2 + 2*a + 5. What are the prime factors of c(-6)?
29
Let r be 4/((-1)/((-5)/2)). Let v(t) = t**3 - 9*t**2 - 8*t - 7. What are the prime factors of v(r)?
13
What are the prime factors of (54/(-10) - 3)*5/(-2)?
3, 7
Suppose 6 = -5*b - 3*w, -3*w - 6 = -2*b + 5*b. Let m = b + -3. List the prime factors of ((-36)/m)/1 + 0.
2, 3
Let o(q) = q**3 - 5*q**2 + 4*q + 2. Let i be o(4). Let x(y) = -y - 12. Let d(h) = -2*h - 25. Let u(c) = i*d(c) - 5*x(c). What are the prime factors of u(0)?
2, 5
Suppose 0 = -4*a - 3*l + 31, -3*a - 2*a - 3*l = -41. Suppose -a = -q + 3*q. Let n = 0 - q. List the prime factors of n.
5
Let k be -6 + (-2 - (3 - 8)). What are the prime factors of ((-4)/6)/(k/9)?
2
Let n(j) = j**2 + 8*j + 7. Let d be n(-7). Suppose d = -4*l - l + 90. List the prime factors of l.
2, 3
Let r = 11 + -7. Let p(g) be the third derivative of -g**6/120 + g**5/12 - g**4/6 + g**3/3 - 3*g**2. What are the prime factors of p(r)?
2
Let r = 30 - -45. What are the prime factors of r?
3, 5
Suppose q = 5*q - 140. List the prime factors of q.
5, 7
Suppose 50 = -4*j - 46. List the prime factors of 50/4*j/(-20).
3, 5
Let c = 28 + -10. List the prime factors of c.
2, 3
Let u be -1 + 0 - (-1 - 2). Let f(s) be the second derivative of s**5/20 - s**3/2 + s**2/2 - 8*s. What are the prime factors of f(u)?
3
Let p = 26 + -14. Suppose -2*t + p = t. What are the prime factors of t?
2
Suppose 4*t - 153 = 111. Suppose 0*d + t = 2*d. What are the prime factors of d?
3, 11
Let d = -62 + 115. What are the prime factors of d?
53
Let i = -9 - -7. List the prime factors of (i - (2 - 2)) + 5.
3
Suppose 0 = 2*h + 8 - 54. Let f = -19 + h. List the prime factors of f.
2
Suppose -243 = -5*t - g, -3*t - 4*g + 0*g + 139 = 0. What are the prime factors of t?
7
Let i(n) = -n**2 - 7*n + 13. Let s be i(-8). Suppose 3*j - 4*j = -3*q + 93, -s*j = -2*q + 62. What are the prime factors of q?
31
Suppose 5*l + 3*b = 25, 0*b = -l - 4*b - 12. List the prime factors of l.
2
Let q be (-2 - -2)/1 - -12. Let m = -7 + 7. Suppose -b + 35 = 3*z, m = -4*b + q + 8. What are the prime factors of z?
2, 5
Suppose -11 = -4*x + 5*u, 4*x - 2*x = -u + 9. Let c be (x/6)/((-2)/30). List the prime factors of ((-12)/c)/(5/25).
2, 3
Suppose -2*d - k + 63 = 0, -36 = -2*d + d + k. Suppose d = 2*n + 9. What are the prime factors of n?
2, 3
Suppose 2*b + 2*c = 8, 0 = -2*c + 5 - 1. Suppose 3*a = 3*u - 4 + 1, 2*u - 8 = 0. Suppose -b*d + a = -d. What are the prime factors of d?
3
Suppose -u = -4, 7*u - 2*u = c - 48. What are the prime factors of c?
2, 17
Suppose 0 = -4*v - 5*b + 868, b + 85 + 759 = 4*v. List the prime factors of v.
2, 53
Let q(y) = -y**2 - 24*y - 30. List the prime factors of q(-11).
113
Let r(v) = v**3 - 5*v**2 + 6*v - 6. Suppose 2*s + 0 = 8. Let m be r(s). Suppose -f = 3*n + 2*n - 2, 5*f - 56 = -m*n. What are the prime factors of f?
2, 3
Let k = 5 - 1. Let g = 14 - k. List the prime factors of g.
2, 5
Let t = -189 - -358. What are the prime factors of t?
13
Let l = -6 + 17. Let u = l - 5. What are the prime factors of u?
2, 3
Let a(b) = b**3 + 6*b**2 + 5*b - 4. Let o be a(-4). Let t(s) = -1 + o*s**2 - 5*s + 5*s + 0*s. What are the prime factors of t(-1)?
7
Suppose r - 5 = -5*q, 17 + 2 = -3*q - 5*r. What are the prime factors of q?
2
Let b(q) = -4*q - 9. Let w(p) = 5*p + 10. Let g(v) = 3*b(v) + 2*w(v). List the prime factors of g(-10).
13
Suppose t = -39 + 14. List the prime factors of (-790)/t + 2/5.
2
List the prime factors of 6/27 + (-1790)/(-45).
2, 5
Let p(o) = -o + 6. Let g be p(6). Suppose -96 = -3*h - g*h. What are the prime factors of h/6*(-12)/(-8)?
2
Let v = -57 + 97. Let u = -21 + v. List the prime factors of u.
19
Let q = -19 + 81. What are the prime factors of q?
2, 31
Let m = -3 - -5. Suppose 0 = m*s + 4 - 8. Suppose 5*f = s*f + 24. What are the prime factors of f?
2
Suppose -7 = -5*l + 3. Let k(v) = 3*v**2 + 2*v + 2. Let m be k(-2). Suppose -2 = -l*r + 4*d + m, 3*r - 18 = -d. What are the prime factors of r?
2, 3
Suppose 5*t - 4*p - 554 = -154, -4*t - p + 299 = 0. What are the prime factors of t?
2, 19
Suppose -4*v - 30 = -2*v + 4*h, 0 = 3*h + 12. Let u(b) = b**3 + b**2 + b. Let n be u(0). Let i = n - v. List the prime factors of i.
7
Let y = 12 - -5. Suppose -b + y = -0*b. Let s = b + -10. List the prime factors of s.
7
Let p(z) = -z**3 + 6*z**2 + 2*z + 4. Let i = 8 - 2. Let l be p(i). Suppose n + 3*n = l. What are the prime factors of n?
2
Let v be (7/(-7))/((-1)/3). List the prime factors of 1/(22/7 - v).
7
Let u be (-75)/1*2/(-6). What are the prime factors of (-116)/(-5) - (-20)/u?
2, 3
Suppose -210 - 55 = -5*p. List the prime factors of p.
53
Suppose -8*u - 5 = -3*u. List the prime factors of (-1)/u + 3 + -1.
3
What are the prime factors of (2 + 663/(-6))/(2/(-4))?
7, 31
Let n(c) be the second derivative of -c**5/10 - c**4/4 + c**2/2 + c. List the prime factors of n(-2).
5
Suppose -2*q - 4 = 0, -4*i - 3*q + 30 = 2*q. Let g = 15 - i. Suppose 0 = g*m + w - 5*w - 50, 0 = w. List the prime factors of m.
2, 5
Let z(v) = -v**3 + 3*v**2 + 3*v - 3. Suppose -5*a - 4*t + 35 = 0, -3*t + 32 = 4*a + 5. List the prime factors of z(a).
2, 3
Suppose -8 = -2*m, -2*m = -5*i + m + 3. Suppose i*d = 8*d + 80. Let a = 26 + d. List the prime factors of a.
2, 5
Let m(h) = h**2 - 5*h - 30. Let u(z) = z**2 - 6*z - 31. Let c(d) = -7*m(d) + 6*u(d). List the prime factors of c(0).
2, 3
Let h = -25 - -41. Suppose 4*i - h = 6*s - 4*s, 0 = -3*s - 2*i + 16. Suppose -4*f + 4*p + 16 = 0, 3*p + 4 = f - s. What are the prime factors of f?
3
Let b(o) = -o**2 + o - 33. Let f be b(0). Let s = 53 + f. What are the prime factors of s?
2, 5
Let u(m) = -2*m - 6. Let x be u(-4). Suppose -x*v + 80 = 3*v. Suppose 2*i - 12 = v. What are the prime factors of i?
2, 7
Let f(q) = q**2 + q - 11. Let y be f(0). Let k = 10 - 31. Let g = y - k. List the prime factors of g.
2, 5
Suppose -3*r = -0*r. Suppose 2*d + 3*n + 66 = r, -4*d + 2*n - 108 - 8 = 0. Let f = 52 + d. List the prime factors of f.
2, 11
Suppose 9*x = 5*x + 56. List the prime factors of x.
2, 7
Let n = -1 - -4. Suppose -h = -3*r + 2*h + 57, n*r - 4*h = 57. What are the prime factors of r?
19
Let j(l) = l**3 - 8*l**2 - l - 10. Let k be j(8). Let n = k + 29. What are the prime factors of n?
11
Suppose 0 = 2*h - 3*w - 58, 2*h + w = -4*w + 42. What are the prime factors of h?
2, 13
Suppose 4*j + 3*s - 36 + 5 = 0, -j + s - 1 = 0. Suppose -5*k - 2*x = 18, 4*k - j*x + x - 4 = 0. List the prime factors of k/2 + 1 + 3.
3
Let j = 1 + 0. What are the prime factors of 6 - (j - -8)/3?
3
Suppose -m - 25 = -2*q - 6*m, -3*m - 37 = -4*q. Let u = 17 - q. What are the prime factors of u?
7
Suppose c = 1 + 1. What are the prime factors of (-28)/3*(-3)/c?
2, 7
Suppose 0 = 5*u + q - 510, -